{"id":1034,"date":"2024-03-07T17:53:15","date_gmt":"2024-03-07T16:53:15","guid":{"rendered":"https:\/\/sueca13flores.com\/?post_type=product&#038;p=1034"},"modified":"2026-01-26T19:15:23","modified_gmt":"2026-01-26T18:15:23","slug":"minikuppel-ewig-lila-rosa-concepcion-arenal","status":"publish","type":"product","link":"https:\/\/sueca13flores.com\/de\/produkt\/minikuppel-ewig-lila-rosa-concepcion-arenal\/","title":{"rendered":"Concepci\u00f3n Arenal Eternal Lila Rosa Mini Dome"},"content":{"rendered":"","protected":false},"excerpt":{"rendered":"<p>&nbsp;<\/p>\n<p><span style=\"vertical-align: inherit;\"><span style=\"vertical-align: inherit;\"><span style=\"vertical-align: inherit;\"><span style=\"vertical-align: inherit;\">Lassen Sie sich verf\u00fchren von einer Welt voller Sch\u00f6nheit und Eleganz mit unserer bezaubernden MINI-Kristallkuppel mit konservierter Rose.<\/span><\/span><\/span><\/span><\/p>\n<p><span style=\"vertical-align: inherit;\"><span style=\"vertical-align: inherit;\"><span style=\"vertical-align: inherit;\"><span style=\"vertical-align: inherit;\">Sie verbindet die Zartheit einer Rose mit der kristallinen Transparenz einer Kuppel und schafft so ein einzigartiges Dekorationsst\u00fcck, das die Essenz der Liebe und der ewigen Sch\u00f6nheit widerspiegelt.<\/span><\/span><\/span><\/span><\/p>\n<p><span style=\"vertical-align: inherit;\"><span style=\"vertical-align: inherit;\"><span style=\"vertical-align: inherit;\"><span style=\"vertical-align: inherit;\">Die Glaskuppel mit ihrer Transparenz verleiht der konservierten Rose einen Hauch von Magie und Geheimnis. <\/span><\/span><\/span><span style=\"vertical-align: inherit;\"><span style=\"vertical-align: inherit;\"><span style=\"vertical-align: inherit;\">Au\u00dferdem sch\u00fctzt und unterstreicht es die Rose und schafft eine bezaubernde und fesselnde Atmosph\u00e4re. <\/span><\/span><\/span><span style=\"vertical-align: inherit;\"><span style=\"vertical-align: inherit;\"><span style=\"vertical-align: inherit;\">Der Sockel der Kuppel aus hochwertigen Materialien wie Holz sorgt f\u00fcr Stabilit\u00e4t und ein elegantes Erscheinungsbild und l\u00e4sst die Rose in ihrer ganzen Pracht erstrahlen.<\/span><\/span><\/span><\/span><\/p>\n<p><span style=\"vertical-align: inherit;\"><span style=\"vertical-align: inherit;\"><span style=\"vertical-align: inherit;\"><span style=\"vertical-align: inherit;\">Verleihen Sie Ihrem Zuhause einen Hauch von romantischem Charme oder \u00fcberraschen Sie jemand Besonderen mit unserer bezaubernden Kuppel.<\/span><\/span><\/span><\/span><\/p>\n<p><span style=\"vertical-align: inherit;\"><span style=\"vertical-align: inherit;\"><span style=\"vertical-align: inherit;\"><span style=\"vertical-align: inherit;\">Sie k\u00f6nnen kostenlos eine kurze Widmung hinzuf\u00fcgen.<\/span><\/span><\/span><\/span><\/p>\n<p><span style=\"vertical-align: inherit;\"><span style=\"vertical-align: inherit;\"><span style=\"vertical-align: inherit;\"><span style=\"vertical-align: inherit;\">H\u00f6he ca. 18 cm.<\/span><\/span><\/span><\/span><\/p>","protected":false},"featured_media":1037,"comment_status":"open","ping_status":"closed","template":"","meta":[],"product_brand":[],"product_cat":[41,21],"product_tag":[],"class_list":{"0":"post-1034","1":"product","2":"type-product","3":"status-publish","4":"has-post-thumbnail","6":"product_cat-dia-de-la-mujer","7":"product_cat-flores-preservadas","9":"first","10":"instock","11":"taxable","12":"shipping-taxable","13":"purchasable","14":"product-type-simple"},"_links":{"self":[{"href":"https:\/\/sueca13flores.com\/de\/wp-json\/wp\/v2\/product\/1034","targetHints":{"allow":["GET"]}}],"collection":[{"href":"https:\/\/sueca13flores.com\/de\/wp-json\/wp\/v2\/product"}],"about":[{"href":"https:\/\/sueca13flores.com\/de\/wp-json\/wp\/v2\/types\/product"}],"replies":[{"embeddable":true,"href":"https:\/\/sueca13flores.com\/de\/wp-json\/wp\/v2\/comments?post=1034"}],"wp:featuredmedia":[{"embeddable":true,"href":"https:\/\/sueca13flores.com\/de\/wp-json\/wp\/v2\/media\/1037"}],"wp:attachment":[{"href":"https:\/\/sueca13flores.com\/de\/wp-json\/wp\/v2\/media?parent=1034"}],"wp:term":[{"taxonomy":"product_brand","embeddable":true,"href":"https:\/\/sueca13flores.com\/de\/wp-json\/wp\/v2\/product_brand?post=1034"},{"taxonomy":"product_cat","embeddable":true,"href":"https:\/\/sueca13flores.com\/de\/wp-json\/wp\/v2\/product_cat?post=1034"},{"taxonomy":"product_tag","embeddable":true,"href":"https:\/\/sueca13flores.com\/de\/wp-json\/wp\/v2\/product_tag?post=1034"}],"curies":[{"name":"wp","href":"https:\/\/api.w.org\/{rel}","templated":true}]}}

Concepción Arenal Eternal Lila Rosa Mini Dome

<p>&nbsp;</p>
<p><span style="vertical-align: inherit;"><span style="vertical-align: inherit;"><span style="vertical-align: inherit;"><span style="vertical-align: inherit;">Lassen Sie sich verführen von einer Welt voller Schönheit und Eleganz mit unserer bezaubernden MINI-Kristallkuppel mit konservierter Rose.</span></span></span></span></p>
<p><span style="vertical-align: inherit;"><span style="vertical-align: inherit;"><span style="vertical-align: inherit;"><span style="vertical-align: inherit;">Sie verbindet die Zartheit einer Rose mit der kristallinen Transparenz einer Kuppel und schafft so ein einzigartiges Dekorationsstück, das die Essenz der Liebe und der ewigen Schönheit widerspiegelt.</span></span></span></span></p>
<p><span style="vertical-align: inherit;"><span style="vertical-align: inherit;"><span style="vertical-align: inherit;"><span style="vertical-align: inherit;">Die Glaskuppel mit ihrer Transparenz verleiht der konservierten Rose einen Hauch von Magie und Geheimnis. </span></span></span><span style="vertical-align: inherit;"><span style="vertical-align: inherit;"><span style="vertical-align: inherit;">Außerdem schützt und unterstreicht es die Rose und schafft eine bezaubernde und fesselnde Atmosphäre. </span></span></span><span style="vertical-align: inherit;"><span style="vertical-align: inherit;"><span style="vertical-align: inherit;">Der Sockel der Kuppel aus hochwertigen Materialien wie Holz sorgt für Stabilität und ein elegantes Erscheinungsbild und lässt die Rose in ihrer ganzen Pracht erstrahlen.</span></span></span></span></p>
<p><span style="vertical-align: inherit;"><span style="vertical-align: inherit;"><span style="vertical-align: inherit;"><span style="vertical-align: inherit;">Verleihen Sie Ihrem Zuhause einen Hauch von romantischem Charme oder überraschen Sie jemand Besonderen mit unserer bezaubernden Kuppel.</span></span></span></span></p>
<p><span style="vertical-align: inherit;"><span style="vertical-align: inherit;"><span style="vertical-align: inherit;"><span style="vertical-align: inherit;">Sie können kostenlos eine kurze Widmung hinzufügen.</span></span></span></span></p>
<p><span style="vertical-align: inherit;"><span style="vertical-align: inherit;"><span style="vertical-align: inherit;"><span style="vertical-align: inherit;">Höhe ca. 18 cm.</span></span></span></span></p>
