{"id":577,"date":"2023-06-03T19:16:31","date_gmt":"2023-06-03T17:16:31","guid":{"rendered":"https:\/\/sueca13flores.com\/?post_type=product&#038;p=577"},"modified":"2025-04-26T12:40:15","modified_gmt":"2025-04-26T10:40:15","slug":"margarida","status":"publish","type":"product","link":"https:\/\/sueca13flores.com\/de\/produkt\/margarida\/","title":{"rendered":"Blumenstrau\u00df \"Margarida\"."},"content":{"rendered":"","protected":false},"excerpt":{"rendered":"<p>&nbsp;<\/p>\n<p><span style=\"vertical-align: inherit;\"><span style=\"vertical-align: inherit;\"><span style=\"vertical-align: inherit;\"><span style=\"vertical-align: inherit;\"><span style=\"vertical-align: inherit;\"><span style=\"vertical-align: inherit;\"><span style=\"vertical-align: inherit;\"><span style=\"vertical-align: inherit;\"><span style=\"vertical-align: inherit;\"><span style=\"vertical-align: inherit;\">Unsere G\u00e4nsebl\u00fcmchenstr\u00e4u\u00dfe sind pure positive Energie und Freude f\u00fcr jeden Raum. <\/span><\/span><\/span><\/span><\/span><\/span><\/span><\/span><\/span><span style=\"vertical-align: inherit;\"><span style=\"vertical-align: inherit;\"><span style=\"vertical-align: inherit;\"><span style=\"vertical-align: inherit;\"><span style=\"vertical-align: inherit;\"><span style=\"vertical-align: inherit;\"><span style=\"vertical-align: inherit;\"><span style=\"vertical-align: inherit;\"><span style=\"vertical-align: inherit;\">Die verschiedenen leuchtenden Farbkombinationen der einzelnen St\u00e4ngel sowie die perfekte Erg\u00e4nzung durch Gr\u00fcnpflanzen wie Farn bieten Ihnen ein einzigartiges Erlebnis voller Vitalit\u00e4t und lang anhaltender Frische.<\/span><\/span><\/span><\/span><\/span><\/span><\/span><\/span><\/span><\/span><\/p>\n<p><span style=\"vertical-align: inherit;\"><span style=\"vertical-align: inherit;\"><span style=\"vertical-align: inherit;\"><span style=\"vertical-align: inherit;\"><span style=\"vertical-align: inherit;\"><span style=\"vertical-align: inherit;\"><span style=\"vertical-align: inherit;\"><span style=\"vertical-align: inherit;\"><span style=\"vertical-align: inherit;\"><span style=\"vertical-align: inherit;\">Ganz gleich, ob Sie Liebe oder Freundschaft ausdr\u00fccken oder einfach nur jemandem den Tag versch\u00f6nern wollen, unsere G\u00e4nsebl\u00fcmchen sind das perfekte Geschenk. <\/span><\/span><\/span><\/span><\/span><\/span><\/span><\/span><\/span><span style=\"vertical-align: inherit;\"><span style=\"vertical-align: inherit;\"><span style=\"vertical-align: inherit;\"><span style=\"vertical-align: inherit;\"><span style=\"vertical-align: inherit;\"><span style=\"vertical-align: inherit;\"><span style=\"vertical-align: inherit;\"><span style=\"vertical-align: inherit;\"><span style=\"vertical-align: inherit;\">Ihre Vielseitigkeit und Widerstandsf\u00e4higkeit machen sie dar\u00fcber hinaus zu idealen Begleitern f\u00fcr jeden Anlass, sei es ein Jubil\u00e4um, ein Geburtstag oder einfach nur zur Dekoration Ihres Hauses.<\/span><\/span><\/span><\/span><\/span><\/span><\/span><\/span><\/span><\/span><\/p>\n<p><span style=\"vertical-align: inherit;\"><span style=\"vertical-align: inherit;\"><span style=\"vertical-align: inherit;\"><span style=\"vertical-align: inherit;\"><span style=\"vertical-align: inherit;\"><span style=\"vertical-align: inherit;\"><span style=\"vertical-align: inherit;\"><span style=\"vertical-align: inherit;\"><span style=\"vertical-align: inherit;\"><span style=\"vertical-align: inherit;\">Lassen Sie sich von der Magie der G\u00e4nsebl\u00fcmchen verzaubern und verleihen Sie Ihrem Tag eine besondere Note mit unseren Str\u00e4u\u00dfen aus frischen G\u00e4nsebl\u00fcmchen!<\/span><\/span><\/span><\/span><\/span><\/span><\/span><\/span><\/span><\/span><\/p>\n<p>Sie k\u00f6nnen eine kostenlose BRIEF-Widmung hinzuf\u00fcgen.<\/p>","protected":false},"featured_media":2642,"comment_status":"closed","ping_status":"closed","template":"","meta":[],"product_brand":[],"product_cat":[42,26,40],"product_tag":[],"class_list":{"0":"post-577","1":"product","2":"type-product","3":"status-publish","4":"has-post-thumbnail","6":"product_cat-dia-de-la-madre","7":"product_cat-composiciones-de-flores-y-plantas","8":"product_cat-san-valentin","10":"first","11":"instock","12":"taxable","13":"shipping-taxable","14":"purchasable","15":"product-type-simple"},"_links":{"self":[{"href":"https:\/\/sueca13flores.com\/de\/wp-json\/wp\/v2\/product\/577","targetHints":{"allow":["GET"]}}],"collection":[{"href":"https:\/\/sueca13flores.com\/de\/wp-json\/wp\/v2\/product"}],"about":[{"href":"https:\/\/sueca13flores.com\/de\/wp-json\/wp\/v2\/types\/product"}],"replies":[{"embeddable":true,"href":"https:\/\/sueca13flores.com\/de\/wp-json\/wp\/v2\/comments?post=577"}],"wp:featuredmedia":[{"embeddable":true,"href":"https:\/\/sueca13flores.com\/de\/wp-json\/wp\/v2\/media\/2642"}],"wp:attachment":[{"href":"https:\/\/sueca13flores.com\/de\/wp-json\/wp\/v2\/media?parent=577"}],"wp:term":[{"taxonomy":"product_brand","embeddable":true,"href":"https:\/\/sueca13flores.com\/de\/wp-json\/wp\/v2\/product_brand?post=577"},{"taxonomy":"product_cat","embeddable":true,"href":"https:\/\/sueca13flores.com\/de\/wp-json\/wp\/v2\/product_cat?post=577"},{"taxonomy":"product_tag","embeddable":true,"href":"https:\/\/sueca13flores.com\/de\/wp-json\/wp\/v2\/product_tag?post=577"}],"curies":[{"name":"wp","href":"https:\/\/api.w.org\/{rel}","templated":true}]}}

Blumenstrauß "Margarida".

<p>&nbsp;</p>
<p><span style="vertical-align: inherit;"><span style="vertical-align: inherit;"><span style="vertical-align: inherit;"><span style="vertical-align: inherit;"><span style="vertical-align: inherit;"><span style="vertical-align: inherit;"><span style="vertical-align: inherit;"><span style="vertical-align: inherit;"><span style="vertical-align: inherit;"><span style="vertical-align: inherit;">Unsere Gänseblümchensträuße sind pure positive Energie und Freude für jeden Raum. </span></span></span></span></span></span></span></span></span><span style="vertical-align: inherit;"><span style="vertical-align: inherit;"><span style="vertical-align: inherit;"><span style="vertical-align: inherit;"><span style="vertical-align: inherit;"><span style="vertical-align: inherit;"><span style="vertical-align: inherit;"><span style="vertical-align: inherit;"><span style="vertical-align: inherit;">Die verschiedenen leuchtenden Farbkombinationen der einzelnen Stängel sowie die perfekte Ergänzung durch Grünpflanzen wie Farn bieten Ihnen ein einzigartiges Erlebnis voller Vitalität und lang anhaltender Frische.</span></span></span></span></span></span></span></span></span></span></p>
<p><span style="vertical-align: inherit;"><span style="vertical-align: inherit;"><span style="vertical-align: inherit;"><span style="vertical-align: inherit;"><span style="vertical-align: inherit;"><span style="vertical-align: inherit;"><span style="vertical-align: inherit;"><span style="vertical-align: inherit;"><span style="vertical-align: inherit;"><span style="vertical-align: inherit;">Ganz gleich, ob Sie Liebe oder Freundschaft ausdrücken oder einfach nur jemandem den Tag verschönern wollen, unsere Gänseblümchen sind das perfekte Geschenk. </span></span></span></span></span></span></span></span></span><span style="vertical-align: inherit;"><span style="vertical-align: inherit;"><span style="vertical-align: inherit;"><span style="vertical-align: inherit;"><span style="vertical-align: inherit;"><span style="vertical-align: inherit;"><span style="vertical-align: inherit;"><span style="vertical-align: inherit;"><span style="vertical-align: inherit;">Ihre Vielseitigkeit und Widerstandsfähigkeit machen sie darüber hinaus zu idealen Begleitern für jeden Anlass, sei es ein Jubiläum, ein Geburtstag oder einfach nur zur Dekoration Ihres Hauses.</span></span></span></span></span></span></span></span></span></span></p>
<p><span style="vertical-align: inherit;"><span style="vertical-align: inherit;"><span style="vertical-align: inherit;"><span style="vertical-align: inherit;"><span style="vertical-align: inherit;"><span style="vertical-align: inherit;"><span style="vertical-align: inherit;"><span style="vertical-align: inherit;"><span style="vertical-align: inherit;"><span style="vertical-align: inherit;">Lassen Sie sich von der Magie der Gänseblümchen verzaubern und verleihen Sie Ihrem Tag eine besondere Note mit unseren Sträußen aus frischen Gänseblümchen!</span></span></span></span></span></span></span></span></span></span></p>
<p>Sie können eine kostenlose BRIEF-Widmung hinzufügen.</p>
