{"id":3817,"date":"2026-04-26T10:36:43","date_gmt":"2026-04-26T08:36:43","guid":{"rendered":"https:\/\/sueca13flores.com\/?post_type=product&#038;p=3817"},"modified":"2026-04-26T10:36:43","modified_gmt":"2026-04-26T08:36:43","slug":"lys-calla-colores-dans-un-panier-en-osier","status":"publish","type":"product","link":"https:\/\/sueca13flores.com\/fr\/produit\/lys-calla-colores-dans-un-panier-en-osier\/","title":{"rendered":"Lys calla color\u00e9s dans un panier en osier"},"content":{"rendered":"","protected":false},"excerpt":{"rendered":"<p>&nbsp;<\/p>\n<p>Cette belle plante d'int\u00e9rieur naturelle avec des lys calla color\u00e9s est pr\u00e9sent\u00e9e dans un joli pot recouvert d'osier.<\/p>\n<p>Ses fleurs color\u00e9es annoncent le printemps et apportent de la joie dans la maison.<\/p>\n<p>Les couleurs des fleurs peuvent varier en fonction de la disponibilit\u00e9.<\/p>\n<p>Vous pouvez ajouter gratuitement une courte d\u00e9dicace.<\/p>\n<p>Hauteur environ 35 cm Taille du pot 12 cm<\/p>","protected":false},"featured_media":3818,"comment_status":"closed","ping_status":"closed","template":"","meta":[],"product_brand":[],"product_cat":[42,22],"product_tag":[],"class_list":{"0":"post-3817","1":"product","2":"type-product","3":"status-publish","4":"has-post-thumbnail","6":"product_cat-dia-de-la-madre","7":"product_cat-plantas","9":"first","10":"instock","11":"taxable","12":"shipping-taxable","13":"purchasable","14":"product-type-simple"},"_links":{"self":[{"href":"https:\/\/sueca13flores.com\/fr\/wp-json\/wp\/v2\/product\/3817","targetHints":{"allow":["GET"]}}],"collection":[{"href":"https:\/\/sueca13flores.com\/fr\/wp-json\/wp\/v2\/product"}],"about":[{"href":"https:\/\/sueca13flores.com\/fr\/wp-json\/wp\/v2\/types\/product"}],"replies":[{"embeddable":true,"href":"https:\/\/sueca13flores.com\/fr\/wp-json\/wp\/v2\/comments?post=3817"}],"wp:featuredmedia":[{"embeddable":true,"href":"https:\/\/sueca13flores.com\/fr\/wp-json\/wp\/v2\/media\/3818"}],"wp:attachment":[{"href":"https:\/\/sueca13flores.com\/fr\/wp-json\/wp\/v2\/media?parent=3817"}],"wp:term":[{"taxonomy":"product_brand","embeddable":true,"href":"https:\/\/sueca13flores.com\/fr\/wp-json\/wp\/v2\/product_brand?post=3817"},{"taxonomy":"product_cat","embeddable":true,"href":"https:\/\/sueca13flores.com\/fr\/wp-json\/wp\/v2\/product_cat?post=3817"},{"taxonomy":"product_tag","embeddable":true,"href":"https:\/\/sueca13flores.com\/fr\/wp-json\/wp\/v2\/product_tag?post=3817"}],"curies":[{"name":"wp","href":"https:\/\/api.w.org\/{rel}","templated":true}]}}

Lys calla colorés dans un panier en osier

<p>&nbsp;</p>
<p>Cette belle plante d'intérieur naturelle avec des lys calla colorés est présentée dans un joli pot recouvert d'osier.</p>
<p>Ses fleurs colorées annoncent le printemps et apportent de la joie dans la maison.</p>
<p>Les couleurs des fleurs peuvent varier en fonction de la disponibilité.</p>
<p>Vous pouvez ajouter gratuitement une courte dédicace.</p>
<p>Hauteur environ 35 cm Taille du pot 12 cm</p>
