{"id":619,"date":"2023-06-04T22:35:48","date_gmt":"2023-06-04T20:35:48","guid":{"rendered":"https:\/\/sueca13flores.com\/?post_type=product&#038;p=619"},"modified":"2026-05-02T14:03:57","modified_gmt":"2026-05-02T12:03:57","slug":"cesto-de-campo","status":"publish","type":"product","link":"https:\/\/sueca13flores.com\/pt\/product-2\/cesto-de-campo\/","title":{"rendered":"Cesto R\u00fastico"},"content":{"rendered":"","protected":false},"excerpt":{"rendered":"<p><span style=\"vertical-align: inherit;\"><span style=\"vertical-align: inherit;\"><span style=\"vertical-align: inherit;\"><span style=\"vertical-align: inherit;\">Capture a beleza eterna da natureza no nosso encantador cesto de estilo r\u00fastico. <\/span><span style=\"vertical-align: inherit;\">Este arranjo floral cativante combina a nostalgia do campo com a autenticidade das flores secas e preservadas, criando um presente duradouro e cheio de encanto que ir\u00e1 conferir um toque r\u00fastico a qualquer espa\u00e7o.<\/span><\/span><\/span><\/span><\/p>\n<p><span style=\"vertical-align: inherit;\"><span style=\"vertical-align: inherit;\"><span style=\"vertical-align: inherit;\"><span style=\"vertical-align: inherit;\">O nosso cesto de vime com flores secas e preservadas \u00e9 uma homenagem \u00e0 beleza intemporal da natureza. <\/span><span style=\"vertical-align: inherit;\">Cada flor, cuidadosamente selecionada e preservada, foi captada no auge da sua beleza, mantendo as suas cores e formas originais. <\/span><span style=\"vertical-align: inherit;\">Desde delicadas flores silvestres de estatice, com cores suaves, como o limonium, que se combinam com vegetais preservados, como o lentisco, o eucalipto e o feto. <\/span><span style=\"vertical-align: inherit;\">Cada elemento do arranjo evoca a serenidade e a calma de um prado rural em todas as esta\u00e7\u00f5es do ano.<\/span><\/span><\/span><\/span><\/p>\n<p><span style=\"vertical-align: inherit;\"><span style=\"vertical-align: inherit;\"><span style=\"vertical-align: inherit;\"><span style=\"vertical-align: inherit;\">Apresentado numa cesta de vime artesanal com um la\u00e7o de r\u00e1fia, este arranjo de flores secas e preservadas adquire um ar de autenticidade e rusticidade. <\/span><span style=\"vertical-align: inherit;\">O cesto de vime confere uma textura e um aspeto natural que real\u00e7am a beleza das flores e criam um contraste visualmente apelativo.\u00a0<\/span><\/span><\/span><\/span><\/p>\n<p><span style=\"vertical-align: inherit;\"><span style=\"vertical-align: inherit;\"><span style=\"vertical-align: inherit;\"><span style=\"vertical-align: inherit;\">O nosso cesto de vime com flores secas e preservadas n\u00e3o s\u00f3 \u00e9 um presente visualmente impressionante, como tamb\u00e9m tem a vantagem de ser duradouro e de manter a sua beleza ao longo do tempo. <\/span><span style=\"vertical-align: inherit;\">As flores secas e preservadas n\u00e3o requerem cuidados especiais e manter\u00e3o o seu aspeto fresco e vibrante durante muito tempo, permitindo-lhe desfrutar do seu encanto r\u00fastico sem preocupa\u00e7\u00f5es.<\/span><\/span><\/span><\/span><\/p>\n<p><span style=\"vertical-align: inherit;\"><span style=\"vertical-align: inherit;\"><span style=\"vertical-align: inherit;\"><span style=\"vertical-align: inherit;\">Cada cesto \u00e9 feito \u00e0 m\u00e3o, pelo que todos s\u00e3o \u00fanicos e diferentes. <\/span><span style=\"vertical-align: inherit;\">Al\u00e9m disso, sempre que poss\u00edvel, utilizamos flores da \u00e9poca e de produ\u00e7\u00e3o local, como as estatis e o limonium, cultivadas em Val\u00eancia.\u00a0 \u00a0<\/span><\/span><\/span><\/span><\/p>\n<p><span style=\"vertical-align: inherit;\"><span style=\"vertical-align: inherit;\"><span style=\"vertical-align: inherit;\"><span style=\"vertical-align: inherit;\">D\u00e1 um toque de charme r\u00fastico e duradouro \u00e0 sua casa com o nosso encantador cesto de estilo campestre.<\/span><\/span><\/span><\/span><\/p>\n<p><span style=\"vertical-align: inherit;\"><span style=\"vertical-align: inherit;\"><span style=\"vertical-align: inherit;\"><span style=\"vertical-align: inherit;\">Podes adicionar uma dedicat\u00f3ria breve gratuita.<\/span><\/span><\/span><\/span><\/p>","protected":false},"featured_media":589,"comment_status":"closed","ping_status":"closed","template":"","meta":[],"product_brand":[],"product_cat":[42,21],"product_tag":[],"class_list":["post-619","product","type-product","status-publish","has-post-thumbnail","product_cat-dia-de-la-madre","product_cat-flores-preservadas","first","outofstock","taxable","shipping-taxable","purchasable","product-type-simple"],"_links":{"self":[{"href":"https:\/\/sueca13flores.com\/pt\/wp-json\/wp\/v2\/product\/619","targetHints":{"allow":["GET"]}}],"collection":[{"href":"https:\/\/sueca13flores.com\/pt\/wp-json\/wp\/v2\/product"}],"about":[{"href":"https:\/\/sueca13flores.com\/pt\/wp-json\/wp\/v2\/types\/product"}],"replies":[{"embeddable":true,"href":"https:\/\/sueca13flores.com\/pt\/wp-json\/wp\/v2\/comments?post=619"}],"wp:featuredmedia":[{"embeddable":true,"href":"https:\/\/sueca13flores.com\/pt\/wp-json\/wp\/v2\/media\/589"}],"wp:attachment":[{"href":"https:\/\/sueca13flores.com\/pt\/wp-json\/wp\/v2\/media?parent=619"}],"wp:term":[{"taxonomy":"product_brand","embeddable":true,"href":"https:\/\/sueca13flores.com\/pt\/wp-json\/wp\/v2\/product_brand?post=619"},{"taxonomy":"product_cat","embeddable":true,"href":"https:\/\/sueca13flores.com\/pt\/wp-json\/wp\/v2\/product_cat?post=619"},{"taxonomy":"product_tag","embeddable":true,"href":"https:\/\/sueca13flores.com\/pt\/wp-json\/wp\/v2\/product_tag?post=619"}],"curies":[{"name":"wp","href":"https:\/\/api.w.org\/{rel}","templated":true}]}}

Cesto Rústico

<p><span style="vertical-align: inherit;"><span style="vertical-align: inherit;"><span style="vertical-align: inherit;"><span style="vertical-align: inherit;">Capture a beleza eterna da natureza no nosso encantador cesto de estilo rústico. </span><span style="vertical-align: inherit;">Este arranjo floral cativante combina a nostalgia do campo com a autenticidade das flores secas e preservadas, criando um presente duradouro e cheio de encanto que irá conferir um toque rústico a qualquer espaço.</span></span></span></span></p>
<p><span style="vertical-align: inherit;"><span style="vertical-align: inherit;"><span style="vertical-align: inherit;"><span style="vertical-align: inherit;">O nosso cesto de vime com flores secas e preservadas é uma homenagem à beleza intemporal da natureza. </span><span style="vertical-align: inherit;">Cada flor, cuidadosamente selecionada e preservada, foi captada no auge da sua beleza, mantendo as suas cores e formas originais. </span><span style="vertical-align: inherit;">Desde delicadas flores silvestres de estatice, com cores suaves, como o limonium, que se combinam com vegetais preservados, como o lentisco, o eucalipto e o feto. </span><span style="vertical-align: inherit;">Cada elemento do arranjo evoca a serenidade e a calma de um prado rural em todas as estações do ano.</span></span></span></span></p>
<p><span style="vertical-align: inherit;"><span style="vertical-align: inherit;"><span style="vertical-align: inherit;"><span style="vertical-align: inherit;">Apresentado numa cesta de vime artesanal com um laço de ráfia, este arranjo de flores secas e preservadas adquire um ar de autenticidade e rusticidade. </span><span style="vertical-align: inherit;">O cesto de vime confere uma textura e um aspeto natural que realçam a beleza das flores e criam um contraste visualmente apelativo. </span></span></span></span></p>
<p><span style="vertical-align: inherit;"><span style="vertical-align: inherit;"><span style="vertical-align: inherit;"><span style="vertical-align: inherit;">O nosso cesto de vime com flores secas e preservadas não só é um presente visualmente impressionante, como também tem a vantagem de ser duradouro e de manter a sua beleza ao longo do tempo. </span><span style="vertical-align: inherit;">As flores secas e preservadas não requerem cuidados especiais e manterão o seu aspeto fresco e vibrante durante muito tempo, permitindo-lhe desfrutar do seu encanto rústico sem preocupações.</span></span></span></span></p>
<p><span style="vertical-align: inherit;"><span style="vertical-align: inherit;"><span style="vertical-align: inherit;"><span style="vertical-align: inherit;">Cada cesto é feito à mão, pelo que todos são únicos e diferentes. </span><span style="vertical-align: inherit;">Além disso, sempre que possível, utilizamos flores da época e de produção local, como as estatis e o limonium, cultivadas em Valência.   </span></span></span></span></p>
<p><span style="vertical-align: inherit;"><span style="vertical-align: inherit;"><span style="vertical-align: inherit;"><span style="vertical-align: inherit;">Dá um toque de charme rústico e duradouro à sua casa com o nosso encantador cesto de estilo campestre.</span></span></span></span></p>
<p><span style="vertical-align: inherit;"><span style="vertical-align: inherit;"><span style="vertical-align: inherit;"><span style="vertical-align: inherit;">Podes adicionar uma dedicatória breve gratuita.</span></span></span></span></p>
